{"id":184,"date":"2024-04-14T01:45:17","date_gmt":"2024-04-14T01:45:17","guid":{"rendered":"https:\/\/vric.com.mx\/?page_id=184"},"modified":"2024-04-14T02:00:51","modified_gmt":"2024-04-14T02:00:51","slug":"aviso-de-privacidad","status":"publish","type":"page","link":"https:\/\/vric.com.mx\/index.php\/aviso-de-privacidad\/","title":{"rendered":"Aviso de Privacidad"},"content":{"rendered":"\t\t<div data-elementor-type=\"wp-page\" data-elementor-id=\"184\" class=\"elementor elementor-184\" data-elementor-post-type=\"page\">\n\t\t\t\t<div class=\"elementor-element elementor-element-dc2f952 e-flex e-con-boxed e-con e-parent\" data-id=\"dc2f952\" data-element_type=\"container\" data-e-type=\"container\" data-settings=\"{&quot;background_background&quot;:&quot;classic&quot;,&quot;shape_divider_top&quot;:&quot;triangle-asymmetrical&quot;}\">\n\t\t\t\t\t<div class=\"e-con-inner\">\n\t\t\t\t<div class=\"elementor-shape elementor-shape-top\" aria-hidden=\"true\" data-negative=\"false\">\n\t\t\t<svg xmlns=\"http:\/\/www.w3.org\/2000\/svg\" viewBox=\"0 0 1000 100\" preserveAspectRatio=\"none\">\n\t<path class=\"elementor-shape-fill\" d=\"M738,99l262-93V0H0v5.6L738,99z\"\/>\n<\/svg>\t\t<\/div>\n\t\t<div class=\"elementor-element elementor-element-f368c76 e-flex e-con-boxed e-con e-child\" data-id=\"f368c76\" data-element_type=\"container\" data-e-type=\"container\">\n\t\t\t\t\t<div class=\"e-con-inner\">\n\t\t\t\t<div class=\"elementor-element elementor-element-4eb8320 animated-slow elementor-invisible elementor-widget elementor-widget-heading\" data-id=\"4eb8320\" data-element_type=\"widget\" data-e-type=\"widget\" data-settings=\"{&quot;_animation&quot;:&quot;slideInUp&quot;}\" data-widget_type=\"heading.default\">\n\t\t\t\t<div class=\"elementor-widget-container\">\n\t\t\t\t\t<h2 class=\"elementor-heading-title elementor-size-default\">Aviso de privacidad<\/h2>\t\t\t\t<\/div>\n\t\t\t\t<\/div>\n\t\t\t\t<div class=\"elementor-element elementor-element-fe7c5b5 elementor-widget elementor-widget-text-editor\" data-id=\"fe7c5b5\" data-element_type=\"widget\" data-e-type=\"widget\" data-widget_type=\"text-editor.default\">\n\t\t\t\t<div class=\"elementor-widget-container\">\n\t\t\t\t\t\t\t\t\t<p>\u00a0<\/p><p>Responsable del tratamiento de sus datos personales: VRIC Publicidad<\/p><p>Domicilio del responsable: [Direcci\u00f3n completa de la empresa]<\/p><p>Correo electr\u00f3nico de contacto: contacto@vric.com.mx<\/p><p>Tel\u00e9fono de contacto: (667) 257 5762<\/p><p>\u00a0<\/p><p>En cumplimiento con la Ley Federal de Protecci\u00f3n de Datos Personales en Posesi\u00f3n de los Particulares y su Reglamento, se informa que los datos personales recabados ser\u00e1n tratados de manera confidencial con la finalidad de gestionar las relaciones comerciales y proporcionar los servicios de dise\u00f1o, publicidad y marketing ofrecidos por nuestra empresa.<\/p><p>Los datos recabados podr\u00e1n incluir, de manera enunciativa pero no limitativa, nombre, direcci\u00f3n, tel\u00e9fono, correo electr\u00f3nico, informaci\u00f3n de facturaci\u00f3n y datos relacionados con los servicios contratados.<\/p><p>Su informaci\u00f3n personal ser\u00e1 utilizada \u00fanica y exclusivamente para los fines establecidos en el presente aviso de privacidad y no ser\u00e1 compartida con terceros sin su consentimiento previo, salvo las excepciones previstas en la ley.<\/p><p>Usted tiene derecho a acceder, rectificar, cancelar u oponerse al tratamiento de sus datos personales, as\u00ed como a limitar su uso y divulgaci\u00f3n, mediante una solicitud por escrito enviada al correo electr\u00f3nico mencionado anteriormente.<\/p><p>Nos comprometemos a tomar las medidas de seguridad necesarias para proteger sus datos personales y garantizar su confidencialidad.<\/p><p>Fecha de \u00faltima actualizaci\u00f3n: 12 de Abril de 2024<\/p>\t\t\t\t\t\t\t\t<\/div>\n\t\t\t\t<\/div>\n\t\t\t\t\t<\/div>\n\t\t\t\t<\/div>\n\t\t\t\t\t<\/div>\n\t\t\t\t<\/div>\n\t\t\t\t<\/div>\n\t\t","protected":false},"excerpt":{"rendered":"<p>Aviso de privacidad \u00a0 Responsable del tratamiento de sus datos personales: VRIC Publicidad Domicilio del responsable: [Direcci\u00f3n completa de la empresa] Correo electr\u00f3nico de contacto: contacto@vric.com.mx Tel\u00e9fono de contacto: (667) 257 5762 \u00a0 En cumplimiento con la Ley Federal de Protecci\u00f3n de Datos Personales en Posesi\u00f3n de los Particulares y su Reglamento, se informa que [&hellip;]<\/p>\n","protected":false},"author":1,"featured_media":0,"parent":0,"menu_order":0,"comment_status":"closed","ping_status":"closed","template":"","meta":{"footnotes":""},"class_list":["post-184","page","type-page","status-publish","hentry"],"_links":{"self":[{"href":"https:\/\/vric.com.mx\/index.php\/wp-json\/wp\/v2\/pages\/184","targetHints":{"allow":["GET"]}}],"collection":[{"href":"https:\/\/vric.com.mx\/index.php\/wp-json\/wp\/v2\/pages"}],"about":[{"href":"https:\/\/vric.com.mx\/index.php\/wp-json\/wp\/v2\/types\/page"}],"author":[{"embeddable":true,"href":"https:\/\/vric.com.mx\/index.php\/wp-json\/wp\/v2\/users\/1"}],"replies":[{"embeddable":true,"href":"https:\/\/vric.com.mx\/index.php\/wp-json\/wp\/v2\/comments?post=184"}],"version-history":[{"count":4,"href":"https:\/\/vric.com.mx\/index.php\/wp-json\/wp\/v2\/pages\/184\/revisions"}],"predecessor-version":[{"id":188,"href":"https:\/\/vric.com.mx\/index.php\/wp-json\/wp\/v2\/pages\/184\/revisions\/188"}],"wp:attachment":[{"href":"https:\/\/vric.com.mx\/index.php\/wp-json\/wp\/v2\/media?parent=184"}],"curies":[{"name":"wp","href":"https:\/\/api.w.org\/{rel}","templated":true}]}}